st the prime factors of f(u).
2, 3
Let o(x) = x**3 + 8*x**2 - x + 5. Let c be o(-4). Suppose -5*a + 112 = -c. What are the prime factors of a?
37
Let f(v) = v**2 - 10*v + 12. Let t be f(8). Let r(s) = s**2 - 4*s - 4. List the prime factors of r(t).
2, 7
Let g(n) = -3*n**3 + 19*n**2 + n - 5. Let m(v) = 3*v**3 - 19*v**2 - v + 6. Let a(l) = -3*g(l) - 4*m(l). What are the prime factors of a(6)?
3, 11
Suppose -2*u = -2*z + u + 1, 3*u = 3. Suppose 639 = 5*b + z*r - r, b = -r + 131. List the prime factors of b.
127
Let z(y) = 8*y**2 - 4*y + 7. Let m be (-6)/(1*2/(-2)*2). What are the prime factors of z(m)?
67
Let l(t) = -3*t - 2*t - 4*t**2 - 2 + 3*t**2. Let v be l(-4). List the prime factors of 71/2 - 1/v.
5, 7
Let y = 7 - 2. Suppose 2*c = -m + 146, 16*c = -5*m + 17*c + 686. Suppose h - m = -y*h. What are the prime factors of h?
23
Let s(a) = 11*a**2 + 5*a. Suppose -4*i - u = -i - 19, i = -3*u + 17. List the prime factors of s(i).
2, 3, 5
Suppose 0 = 3*y - 4*q - 2352, 2*q - 127 = -y + 667. What are the prime factors of y?
2, 197
Let k = 130 + -46. Let v = 124 - k. What are the prime factors of v?
2, 5
Let n be (-1)/(-4) + 5/(-20). Suppose n = 2*f + 3*j + 6 + 3, 10 = -2*j. Suppose g = -t + f*t + 41, -4*t + 163 = 5*g. List the prime factors of g.
5, 7
Suppose -k = -3*c + 836, -40*k - 1420 = -5*c - 45*k. List the prime factors of c.
2, 5, 7
Suppose -5*n + 3*p + 90 = 8*p, 5*n = -2*p + 96. List the prime factors of n.
2, 5
Let w(y) = 2 - 2*y**2 - 3 - 6*y - 4*y**3 + 4*y. Let l be w(-1). Suppose 5*r - 36 = -l*t + 4*r, 0 = 2*t + r - 24. What are the prime factors of t?
2, 3
Suppose 35*t - 13*t - 18062 = 0. What are the prime factors of t?
821
Let w = 1189 - 90. List the prime factors of w.
7, 157
Suppose 774 = 5*n - 131. What are the prime factors of n?
181
Let q(c) = 67*c**2 - 2*c + 2. Let o be q(1). Suppose -v = -o - 27. What are the prime factors of v?
2, 47
Suppose 18*d - 982 = 206. List the prime factors of d.
2, 3, 11
Let n = 90 + 68. Let d = -87 + n. What are the prime factors of d?
71
Let i be 3/(-18) + 1201/6. Let t = i + -127. What are the prime factors of t?
73
Let m = 721 + 710. List the prime factors of m.
3, 53
Let m(r) = -2*r**2 + 19*r - 8. Let c be m(9). List the prime factors of (436/10 - c) + 16/40.
43
Suppose -1469 = -15*y + 2*y. List the prime factors of y.
113
Let x(u) = -39*u**3 - 3*u**2 - 5*u - 8. List the prime factors of x(-2).
2, 151
Let i be 122/(-4) + (-3)/2. Let l = i + 174. Suppose 0 = -5*k + 15, 5*y + 0*k - l = k. List the prime factors of y.
29
List the prime factors of (-3)/(11058/3688 - 3).
2, 461
Suppose 52*q - 48858 = -9390. What are the prime factors of q?
3, 11, 23
Suppose -1290 = -5*j + 5*y, -2*j - y + 568 = 49. List the prime factors of j.
7, 37
Suppose 4*a - 9*a + 255 = 0. Let p = a + -8. What are the prime factors of p?
43
Suppose -3*o - 14*o = -7327. List the prime factors of o.
431
Let n = -60 + 767. List the prime factors of n.
7, 101
Let p = -744 + 1659. List the prime factors of p.
3, 5, 61
Let z(n) = 3*n**3 + 6*n**2 + 6 + 6*n - 4*n**3 - 1 + 0*n. Let j be z(6). Let b = -29 + j. What are the prime factors of b?
2, 3
Let n be 0/((-14)/(-12) + (-2)/12). Suppose 5*h + n*h - 406 = -4*l, 4*h = -4*l + 408. What are the prime factors of l?
2, 13
Suppose 2420 = 5*k - 5*g, g + 197 = -3*k + 1653. What are the prime factors of k?
5, 97
Let n = 1976 - 82. What are the prime factors of n?
2, 947
Suppose 0 = -w - 2*w, -2*w = -u + 1743. List the prime factors of u.
3, 7, 83
Let n = 475 - 747. Let f = -512 - n. List the prime factors of (-18)/8*f/18.
2, 3, 5
Let q = 904 + -372. What are the prime factors of q?
2, 7, 19
Let u be (2 - 3) + (-3 - -59). Suppose -u = 4*z - 11. Let j(o) = o**3 + 11*o**2 - 5*o + 1. List the prime factors of j(z).
2, 7
Let k = -14 + 16. Let b = 6 - 9. List the prime factors of 26 - (k + b - -3).
2, 3
Let y = 57 + -35. Let r = -761 - -769. Let t = y - r. List the prime factors of t.
2, 7
Suppose -2*x + 164 = -5*q, 0 = 5*q + 10. Let j be (-22)/x + (-32)/(-14). Suppose 0 = -z + j*z - 8. What are the prime factors of z?
2
Let h(r) = r**3 + 24*r**2 - 20*r - 62. What are the prime factors of h(-12)?
2, 953
Let b(r) = 3*r**2 - 1. Let c be b(1). Let z be (3/c)/(3/4). Suppose z*u - 6 = 2*i, -4*u - 3*i + 42 = -i. What are the prime factors of u?
2
Suppose 8*v - 3447 = -343. What are the prime factors of v?
2, 97
Let y(q) = 2*q - 7 + 2 + 13. Let c = 8 - 1. List the prime factors of y(c).
2, 11
Let d(y) = y**2 - y + 59. Let b = -42 - -42. What are the prime factors of d(b)?
59
Let w(s) be the first derivative of -s**3/3 + 8*s**2 - 3*s - 1. Let o(j) = 18*j - 147. Let t be o(9). List the prime factors of w(t).
2, 3
Suppose 897 = 3*g - 1236. List the prime factors of g.
3, 79
Let v(b) = 7*b**2 - 4*b - 1. Suppose 2*i - 1 = 3. Suppose m + i*m - 9 = 0. What are the prime factors of v(m)?
2, 5
Let a(c) = -6*c + 22. Let n be a(-16). Suppose -n = x - 2*x. List the prime factors of x.
2, 59
Suppose p = o - 5*o + 399, 0 = 4*o - 2*p - 402. Suppose 5*j = j + o. List the prime factors of j.
5
Suppose 0*j + 814 = -11*j. Let h = 114 - j. What are the prime factors of h?
2, 47
Let j(l) = -8*l + 81. What are the prime factors of j(-17)?
7, 31
Let s(p) = 98*p**2 + 2*p - 13. List the prime factors of s(5).
2447
Let f be (8/(-6))/(2/48). Let j = -57 - -9. Let y = f - j. List the prime factors of y.
2
List the prime factors of ((-6)/5)/(((-270)/(-3700))/(-9)).
2, 37
Suppose 0 = 11*d - 6*d - d. Suppose -j = 2*p - 0*p - 37, d = 3*p - 15. What are the prime factors of j?
3
Let o = 3956 - 2232. List the prime factors of o.
2, 431
List the prime factors of 12/(-8) - (-2442)/4.
3, 7, 29
List the prime factors of 20*(126/8 - 5).
5, 43
Let r = 10 - 6. Suppose 4*j = r*z + 308, -j + 4*j - z = 231. List the prime factors of j.
7, 11
Let x(i) = 65*i**3 - 2*i**2 - 4*i + 9. What are the prime factors of x(3)?
2, 3, 17
Let k(h) = -h**3 + 8*h**2 - 13*h + 4. Let n be k(6). Let b be (-1)/n - 210/20. List the prime factors of b*(4/(-10) - 0).
2
Let d = -181 + 181. Let k be 0/(-3) - (1 + 1). Let y = d - k. List the prime factors of y.
2
Let b(s) = -s**2 - 13*s + 2. Let j be b(-13). Suppose -j*n + 220 = 26. List the prime factors of n.
97
Let z = -1160 - -5314. List the prime factors of z.
2, 31, 67
List the prime factors of (1 + -34)/((-1)/(11 - -6)).
3, 11, 17
Suppose 2*k - 7*i - 2770 = 0, -i = 1 + 1. What are the prime factors of k?
2, 13, 53
Let x(q) = -q + 15. Let p be x(8). Suppose 6*c - 359 - p = 0. List the prime factors of c.
61
Suppose -2*d = -3*r - 2071, 4*r = 13 + 7. List the prime factors of d.
7, 149
Let q = -9 - -11. Suppose -q*l - 2*z - 2*z = -64, 2*l + 3*z = 68. List the prime factors of l.
2, 5
Let o = -9 + 7. Let w(f) = -f**3 + 5*f**2 + 4*f - 4. Let h be w(5). Let r = h - o. What are the prime factors of r?
2, 3
Suppose -3*v + 9107 = -r, -25*r - 20 = -30*r. What are the prime factors of v?
3037
Let q be 0 - ((-12)/3 - -2). Let z(r) = -2*r**3 - 3*r + 6. Let h be z(q). Let p = h - -23. List the prime factors of p.
7
Suppose 2*g - 2*n = 0, n = 4*g - g. Suppose -i - 3 + 4 = g. What are the prime factors of 31/(-2 + (i - -2))?
31
Let o = -92 + 133. Suppose 2*n = 6, n = b + o - 228. List the prime factors of b.
2, 5, 19
Let v(z) = -2 - 1 - 2*z + 4*z. Let k be v(4). Suppose 0 = -k*a - 0 + 10. What are the prime factors of a?
2
Suppose 4*q + 2000 = 6716. List the prime factors of q.
3, 131
Let n(c) = -c - 2. Let v be n(-5). Suppose 3*i = -12, -6*i = v*r - 2*i - 53. What are the prime factors of r?
23
Let w = -74 + 35. What are the prime factors of (-891)/w - 4/(-26)?
23
Suppose n = -0*n - 10. Let m be 5/n + (-14)/(-4). Suppose 0 = w + 2*l + 3*l - 30, 6 = m*l. What are the prime factors of w?
2, 5
Suppose 9496 = 7*i + a, 27*a - 24*a + 2700 = 2*i. What are the prime factors of i?
2, 3, 113
Let u(a) = -7*a**3 + 13*a - 13. Let c(x) = -x**3 - x**2 + x - 1. Let w(o) = -6*c(o) + u(o). What are the prime factors of w(5)?
53
Let q(g) = g**3 - g**2 - 2*g + 1. Let v be q(1). List the prime factors of (v + 5)*(-177)/(-6).
2, 59
Let c(q) = 2*q + 16. Let i be c(0). Let v be i/6*(-90)/(-24). Let f = 27 - v. What are the prime factors of f?
17
Let d be 4 - (-5)/(5 - 0). Suppose -d*j + 150 = -70. List the prime factors of j.
2, 11
Suppose -4*v + 3*t = -5037,